is the highest common factor of 22862 and 51359?
161
Calculate the greatest common divisor of 40341 and 2289.
21
What is the greatest common divisor of 14418 and 1134?
162
What is the highest common factor of 9729 and 413271?
423
What is the greatest common factor of 15385 and 7735?
85
Calculate the greatest common factor of 469216 and 3999.
1333
Calculate the highest common factor of 824 and 3992.
8
Calculate the greatest common factor of 2850119 and 505.
101
Calculate the highest common divisor of 104 and 5086692.
52
Calculate the greatest common factor of 4992774 and 6.
6
Calculate the greatest common divisor of 115456 and 4428.
164
What is the highest common factor of 425 and 1411?
17
Calculate the highest common divisor of 37236 and 87.
87
Calculate the highest common divisor of 112 and 177392.
16
What is the greatest common divisor of 297 and 20988?
99
What is the greatest common divisor of 59786 and 6086?
358
Calculate the highest common factor of 6507 and 241.
241
Calculate the highest common divisor of 1044338 and 311.
311
Calculate the greatest common factor of 1352 and 17407.
169
What is the greatest common divisor of 55 and 4202?
11
What is the highest common divisor of 51268 and 112?
28
What is the highest common factor of 714 and 15204?
42
What is the highest common divisor of 1782 and 144?
18
What is the greatest common factor of 92862 and 415800?
1386
Calculate the greatest common factor of 104988 and 416.
52
What is the greatest common divisor of 445118 and 7792?
974
Calculate the greatest common factor of 75936 and 480.
96
Calculate the greatest common factor of 12 and 147468.
12
Calculate the highest common factor of 2268 and 943866.
378
What is the highest common factor of 42373 and 1?
1
Calculate the highest common divisor of 126172 and 4.
4
Calculate the highest common divisor of 1135577 and 82.
41
What is the highest common divisor of 424 and 7791?
53
Calculate the highest common divisor of 152495 and 35.
35
What is the highest common factor of 146682 and 19314?
522
Calculate the greatest common divisor of 873 and 5917.
97
What is the highest common divisor of 28 and 576772?
28
What is the greatest common divisor of 1484 and 12826?
106
What is the highest common factor of 23 and 50002?
23
What is the greatest common divisor of 216 and 69336?
216
Calculate the highest common factor of 3874683 and 852.
213
What is the greatest common divisor of 21410 and 40?
10
What is the greatest common divisor of 532 and 8740?
76
Calculate the greatest common factor of 294 and 101058.
6
What is the highest common factor of 10501 and 1?
1
Calculate the greatest common factor of 156590 and 1120.
70
What is the greatest common factor of 37 and 306?
1
What is the greatest common factor of 87363 and 612?
153
What is the greatest common divisor of 1208 and 230?
2
What is the greatest common divisor of 224 and 195076?
28
What is the greatest common factor of 1282 and 6?
2
What is the highest common factor of 7413 and 61069?
353
Calculate the greatest common divisor of 2144 and 7906.
134
Calculate the highest common factor of 82071 and 9.
9
Calculate the greatest common divisor of 664 and 18094.
166
Calculate the highest common factor of 18612 and 5247.
99
What is the greatest common divisor of 732 and 1548?
12
Calculate the highest common divisor of 9438 and 2262.
78
What is the greatest common factor of 104 and 751608?
104
Calculate the greatest common factor of 82927 and 26.
13
Calculate the highest common divisor of 1377 and 148527.
27
What is the greatest common divisor of 2911 and 284?
71
What is the highest common divisor of 111 and 37407?
111
What is the greatest common divisor of 79092 and 192?
12
What is the greatest common divisor of 1125 and 47475?
225
Calculate the greatest common factor of 38052 and 42.
42
Calculate the highest common factor of 695 and 12371.
139
What is the greatest common factor of 4 and 86956?
4
What is the highest common factor of 39136 and 56?
8
Calculate the greatest common divisor of 31802 and 21.
1
What is the greatest common factor of 147 and 152208?
21
Calculate the highest common divisor of 624708 and 268.
268
Calculate the greatest common factor of 33634 and 3012.
502
What is the greatest common divisor of 13050 and 43326?
522
Calculate the highest common divisor of 375789 and 547.
547
What is the greatest common factor of 752 and 13583?
47
Calculate the highest common divisor of 276 and 804.
12
What is the highest common factor of 112050 and 4725?
675
Calculate the highest common factor of 5752 and 30917.
719
Calculate the greatest common divisor of 165 and 135390.
15
Calculate the highest common factor of 182213 and 771.
257
What is the highest common factor of 290 and 2349?
29
Calculate the highest common divisor of 39 and 4750863.
39
What is the greatest common factor of 2 and 119?
1
Calculate the greatest common factor of 200 and 8575.
25
Calculate the greatest common factor of 120856 and 176.
8
Calculate the highest common divisor of 16509 and 3.
3
Calculate the greatest common divisor of 50 and 139390.
10
What is the greatest common factor of 471 and 2255619?
471
Calculate the greatest common factor of 147 and 6587.
7
Calculate the highest common divisor of 35 and 1323095.
5
Calculate the highest common divisor of 4276822 and 22.
22
Calculate the highest common factor of 253 and 22034.
23
What is the highest common factor of 14427 and 675?
9
Calculate the greatest common factor of 5294520 and 210.
210
What is the highest common divisor of 158416 and 32?
16
What is the greatest common divisor of 72 and 243?
9
What is the greatest common factor of 13977 and 279?
9
Calculate the highest common divisor of 3848 and 4160.
104
Calculate the greatest common divisor of 6936 and 1632.
408
Calculate the greatest common divisor of 2743 and 7174.
211
Calculate the greatest common divisor of 23249 and 1041.
347
Calculate the highest common factor of 1064 and 758898.
266
What is the greatest common divisor of 93 and 1380647?
31
What is the highest common factor of 2109420 and 720?
180
What is the greatest common factor of 55665 and 135?
45
What is the greatest common divisor of 27196 and 1612?
52
Calculate the greatest common divisor of 103464 and 48.
24
Calculate the highest common factor of 43250 and 112750.
250
Calculate the greatest common factor of 8165 and 923.
71
What is the highest common divisor of 2480 and 225370?
310
Calculate the greatest common factor of 3696 and 183960.
168
Calculate the highest common factor of 3834 and 40612.
142
Calculate the greatest common divisor of 6877 and 736.
23
Calculate the greatest common divisor of 437 and 621.
23
Calculate the highest common factor of 83342 and 161.
7
Calculate the highest common divisor of 198254 and 294.
98
What is the greatest common divisor of 382234 and 3830?
766
Calculate the greatest common factor of 2563 and 38929.
11
What is the highest common divisor of 88622 and 146?
146
What is the greatest common factor of 214 and 28407858?
214
Calculate the greatest common factor of 1227 and 67076.
409
What is the greatest common factor of 46604 and 3538?
122
What is the greatest common divisor of 898 and 2100422?
898
What is the greatest common divisor of 130138 and 62?
62
Calculate the greatest common factor of 31743 and 99.
9
What is the greatest common divisor of 2336 and 928?
32
What is the greatest common divisor of 17552 and 16976?
16
Calculate the highest common divisor of 19176 and 102.
102
Calculate the highest common divisor of 55562 and 2834.
26
What is the greatest common factor of 23 and 285407?
23
Calculate the highest common factor of 15 and 32605.
5
What is the highest common factor of 94 and 56494?
94
Calculate the highest common divisor of 33 and 1345179.
33
Calculate the highest common divisor of 351 and 12040353.
351
Calculate the highest common divisor of 5271 and 759777.
753
What is the greatest common factor of 2 and 6566?
2
What is the greatest common divisor of 10 and 6135?
5
What is the highest common factor of 567 and 12069?
81
Calculate the highest common divisor of 4314100 and 14.
14
Calculate the highest common factor of 36384 and 36.
12
Calculate the highest common factor of 2164 and 544.
4
What is the greatest com